740?
736
Calculate the remainder when 1860 is divided by 1619.
241
What is the remainder when 672855 is divided by 224284?
3
What is the remainder when 8080 is divided by 816?
736
What is the remainder when 3778 is divided by 459?
106
Calculate the remainder when 4867 is divided by 200.
67
Calculate the remainder when 50980 is divided by 4634.
6
Calculate the remainder when 536389 is divided by 60.
49
What is the remainder when 75072 is divided by 325?
322
Calculate the remainder when 155429 is divided by 520.
469
What is the remainder when 1104 is divided by 237?
156
Calculate the remainder when 63098 is divided by 29.
23
Calculate the remainder when 26145 is divided by 4349.
51
What is the remainder when 3244 is divided by 1493?
258
What is the remainder when 1281783 is divided by 487?
486
What is the remainder when 3771 is divided by 645?
546
What is the remainder when 28092 is divided by 5616?
12
Calculate the remainder when 77285 is divided by 10.
5
What is the remainder when 41469 is divided by 19?
11
What is the remainder when 23381 is divided by 11688?
5
What is the remainder when 87562 is divided by 6?
4
Calculate the remainder when 29506 is divided by 454.
450
Calculate the remainder when 53305 is divided by 119.
112
Calculate the remainder when 8780 is divided by 12.
8
Calculate the remainder when 341779 is divided by 6.
1
Calculate the remainder when 110909 is divided by 45.
29
Calculate the remainder when 1007 is divided by 113.
103
Calculate the remainder when 395 is divided by 238.
157
Calculate the remainder when 216791 is divided by 485.
481
What is the remainder when 151455 is divided by 34?
19
What is the remainder when 148538 is divided by 24756?
2
Calculate the remainder when 443079 is divided by 53.
52
What is the remainder when 6972 is divided by 84?
0
Calculate the remainder when 13800 is divided by 675.
300
Calculate the remainder when 9974 is divided by 133.
132
Calculate the remainder when 3580 is divided by 275.
5
What is the remainder when 2657 is divided by 376?
25
Calculate the remainder when 45978 is divided by 5108.
6
Calculate the remainder when 14850 is divided by 172.
58
Calculate the remainder when 13728 is divided by 13459.
269
Calculate the remainder when 765644 is divided by 2.
0
What is the remainder when 6070 is divided by 2023?
1
What is the remainder when 22488 is divided by 1070?
18
What is the remainder when 32262 is divided by 1378?
568
What is the remainder when 791 is divided by 763?
28
What is the remainder when 183327 is divided by 890?
877
What is the remainder when 403345 is divided by 8?
1
What is the remainder when 6383 is divided by 1065?
1058
What is the remainder when 105545 is divided by 5025?
20
What is the remainder when 4912 is divided by 2454?
4
What is the remainder when 7536 is divided by 47?
16
Calculate the remainder when 28464 is divided by 1350.
114
Calculate the remainder when 10391 is divided by 2029.
246
What is the remainder when 9879 is divided by 217?
114
What is the remainder when 1788 is divided by 19?
2
What is the remainder when 33904 is divided by 98?
94
Calculate the remainder when 305778 is divided by 44.
22
Calculate the remainder when 2687 is divided by 169.
152
What is the remainder when 1658378 is divided by 208?
202
What is the remainder when 25472 is divided by 231?
62
Calculate the remainder when 60482 is divided by 1008.
2
What is the remainder when 916 is divided by 36?
16
What is the remainder when 9415 is divided by 269?
0
Calculate the remainder when 27755 is divided by 1029.
1001
Calculate the remainder when 63659 is divided by 147.
8
What is the remainder when 8623 is divided by 15?
13
What is the remainder when 474402 is divided by 44?
38
Calculate the remainder when 13616 is divided by 60.
56
Calculate the remainder when 12058 is divided by 997.
94
Calculate the remainder when 7377 is divided by 2387.
216
Calculate the remainder when 125611 is divided by 3924.
43
What is the remainder when 7224 is divided by 52?
48
Calculate the remainder when 813273 is divided by 738.
735
What is the remainder when 102992 is divided by 4119?
17
Calculate the remainder when 1067878 is divided by 9797.
5
Calculate the remainder when 11167 is divided by 3672.
151
What is the remainder when 63680 is divided by 379?
8
Calculate the remainder when 1705 is divided by 29.
23
What is the remainder when 12957 is divided by 12?
9
What is the remainder when 2003 is divided by 181?
12
Calculate the remainder when 12345 is divided by 56.
25
What is the remainder when 87838 is divided by 4?
2
Calculate the remainder when 39690 is divided by 34.
12
Calculate the remainder when 993 is divided by 37.
31
Calculate the remainder when 64349 is divided by 10722.
17
What is the remainder when 34915 is divided by 172?
171
Calculate the remainder when 14659 is divided by 51.
22
What is the remainder when 17818 is divided by 495?
493
Calculate the remainder when 31101 is divided by 105.
21
Calculate the remainder when 12825174 is divided by 13.
11
What is the remainder when 1313 is divided by 80?
33
What is the remainder when 881854 is divided by 47?
40
Calculate the remainder when 5373 is divided by 59.
4
What is the remainder when 38304 is divided by 1919?
1843
What is the remainder when 9223 is divided by 1840?
23
What is the remainder when 33757 is divided by 8?
5
What is the remainder when 50571 is divided by 16854?
9
What is the remainder when 9038 is divided by 219?
59
Calculate the remainder when 611045 is divided by 818.
817
What is the remainder when 25187 is divided by 91?
71
What is the remainder when 17802 is divided by 847?
15
Calculate the remainder when 2140 is divided by 476.
236
Calculate the remainder when 7346 is divided by 1202.
134
What is the remainder when 59586 is divided by 11878?
196
What is the remainder when 550553 is divided by 496?
489
Calculate the remainder when 414333 is divided by 1973.
3
What is the remainder when 20069 is divided by 11?
5
Calculate the remainder when 2928 is divided by 9.
3
What is the remainder when 6963 is divided by 6942?
21
Calculate the remainder when 5779 is divided by 1154.
9
What is the remainder when 408868 is divided by 231?
229
Calculate the remainder when 1916 is divided by 69.
53
What is the remainder when 4197 is divided by 523?
13
What is the remainder when 272058 is divided by 223?
221
Calculate the remainder when 29135 is divided by 137.
91
Calculate the remainder when 6161 is divided by 3077.
7
What is the remainder when 968 is divided by 453?
62
Calculate the remainder when 1803 is divided by 249.
60
What is the remainder when 138382 is divided by 248?
246
Calculate the remainder when 22288 is divided by 11141.
6
Calculate the remainder when 286410 is divided by 386.
384
What is the remainder when 354352 is divided by 286?
284
What is the remainder when 21457 is divided by 7151?
4
What is the remainder when 4882 is divided by 1866?
1150
Calculate the remainder when 25417 is divided by 445.
52
What is the remainder when 11580 is divided by 11559?
21
What is the remainder when 21319 is divided by 14?
11
What is the remainder when 36605 is divided by 1407?
23
What is the remainder when 14295 is divided by 6989?
317
What is the remainder when 21678 is divided by 530?
478
Calculate the remainder when 16767 is divided by 19.
9
What is the remainder when 230171 is divided by 48?
11
What is the remainder when 57 is divided by 38?
19
Calculate the remainder when 16626 is divided by 122.
34
Calculate the remainder when 275953 is divided by 34492.
17
Calculate the remainder when 2420 is divided by 718.
266
What is the remainder when 115673 is divided by 39?
38
What is the remainder when 90463 is divided by 3479?
9
Calculate the remainder when 3010 is divided by 767.
709
What is the remainder when 6316 is divided by 623?
86
What is the remainder when 7259 is divided by 787?
176
Calculate the remainder when 322277 is divided by 193.
160
What is the remainder when 22481 is divided by 20?
1
Calculate the remainder when 17327 is divided by 251.
8
What is the remainder when 2393 is divided by 102?
47
What is the remainder when 19977 is divided by 19974?
3
What is the remainder when 4949 is divided by 484?
109
Calculate the remai